 what is 5 - 2ccd?
-2cc8
In base 4, what is -100231 - -1?
-100230
In base 7, what is 35 + -31?
4
In base 15, what is -4 - 69b?
-6a0
In base 6, what is -3 + 205?
202
In base 15, what is 0 + -bbd?
-bbd
In base 4, what is -31 + 12110?
12013
In base 14, what is 19 + -12?
7
In base 15, what is 2 + 7?
9
In base 10, what is -20 + -8?
-28
In base 14, what is -177 - 8?
-181
In base 3, what is 20 - 1221?
-1201
In base 13, what is 19c - 4?
198
In base 9, what is 44 - -4?
48
In base 16, what is 2 + 1fc?
1fe
In base 5, what is 3 - 2?
1
In base 5, what is -22322 - 2?
-22324
In base 8, what is -105 + 1?
-104
In base 2, what is -111000 - 11100010?
-100011010
In base 15, what is 33 + -118?
-d5
In base 12, what is 4 + -18?
-14
In base 5, what is -233312 + 3?
-233304
In base 4, what is -113230 + -3?
-113233
In base 7, what is 2 - -60?
62
In base 4, what is 0 - -20?
20
In base 5, what is -4 + -124231?
-124240
In base 8, what is 2 + -663?
-661
In base 9, what is 240 + -3?
236
In base 6, what is -4 + -32?
-40
In base 7, what is -2 - -62?
60
In base 13, what is 9c + 0?
9c
In base 3, what is 11012002 + -20?
11011212
In base 2, what is 10000001000 - 1011?
1111111101
In base 16, what is -1 - 56b?
-56c
In base 13, what is -8a5 - 3?
-8a8
In base 10, what is 91 + 2?
93
In base 14, what is -5 + c39?
c34
In base 15, what is 4 - -84?
88
In base 8, what is -22 + -30?
-52
In base 2, what is -10 - 1111011?
-1111101
In base 11, what is -28 + 17?
-11
In base 4, what is 31 + 133?
230
In base 6, what is 10 + -41?
-31
In base 7, what is 1 + 131?
132
In base 9, what is 1 - 11?
-10
In base 15, what is -3 + 700?
6ec
In base 10, what is 255 + -1?
254
In base 15, what is 2ad + 6?
2b4
In base 10, what is -17 + -2?
-19
In base 16, what is 3 + 1?
4
In base 16, what is -7 - -20a?
203
In base 13, what is 101 - -30?
131
In base 13, what is 1044 - -2?
1046
In base 6, what is -15343 + -5?
-15352
In base 11, what is -54 - -34?
-20
In base 6, what is 5 + 420?
425
In base 11, what is -5 - 20a5?
-20aa
In base 6, what is 5 + -5?
0
In base 11, what is 187 + -42?
145
In base 14, what is 26 - 0?
26
In base 9, what is -47 - 20?
-67
In base 12, what is 11 + 12?
23
In base 13, what is -3 - 101?
-104
In base 2, what is -101100101110 + 101?
-101100101001
In base 13, what is -4a - -2?
-48
In base 11, what is 3a93 + -3?
3a90
In base 2, what is -1 + -11101011?
-11101100
In base 5, what is 1113 - -3?
1121
In base 5, what is 1244024 - -1?
1244030
In base 16, what is -1d6 - 5?
-1db
In base 10, what is 28 - -16?
44
In base 16, what is -2 - 6b?
-6d
In base 15, what is 5 + -1e?
-19
In base 12, what is -1175 + -5?
-117a
In base 11, what is 171 - 4?
168
In base 7, what is 146 - 1?
145
In base 13, what is 1 - -51?
52
In base 3, what is 1020 - -12?
1102
In base 14, what is -3aa + 9?
-3a1
In base 15, what is -2 + 309?
307
In base 15, what is 0 - 226?
-226
In base 12, what is 5 - -7?
10
In base 4, what is 1132 + -2?
1130
In base 11, what is -1 + 132?
131
In base 5, what is 1 + -233?
-232
In base 11, what is 6 - -117?
122
In base 4, what is 2121 - 11?
2110
In base 14, what is -3 - c?
-11
In base 14, what is 3 - -9c?
a1
In base 7, what is -64 - -4?
-60
In base 10, what is -5 - -159?
154
In base 9, what is 71 + 3?
74
In base 15, what is -8dd + -1?
-8de
In base 11, what is 8 - 19?
-11
In base 4, what is -11211 + 0?
-11211
In base 12, what is 4 - 3180?
-3178
In base 12, what is -443 - 8?
-44b
In base 2, what is 1 + 100001010?
100001011
In base 10, what is -8120 + -1?
-8121
In base 16, what is -2 + -292?
-294
In base 8, what is -4 + 2753?
2747
In base 9, what is -22 - -34?
12
In base 9, what is 5 + -358?
-353
In base 7, what is -4 + -32?
-36
In base 4, what is -100 + 20?
-20
In base 8, what is -70 - 111?
-201
In base 15, what is 1 + -3d?
-3c
In base 4, what is 20203 - -2?
20211
In base 16, what is 5 - d3f?
-d3a
In base 6, what is 4 - 20342?
-20334
In base 7, what is -4 - -1460?
1453
In base 4, what is -21 - -11?
-10
In base 4, what is -1033 - -12?
-1021
In base 8, what is -46 + -7?
-55
In base 2, what is 111 - -1?
1000
In base 3, what is 12 - 1202?
-1120
In base 9, what is 4 + -13?
-8
In base 16, what is ac8 - 9?
abf
In base 3, what is 10 + 22200?
22210
In base 13, what is 4 + 27?
2b
In base 15, what is -103 - -1b?
-d7
In base 13, what is 6c + -b?
61
In base 13, what is -1 + -11?
-12
In base 16, what is f3 + 2?
f5
In base 7, what is 441 + -1?
440
In base 5, what is -4 + 224?
220
In base 15, what is -1d7 - -3?
-1d4
In base 8, what is -675 + 5?
-670
In base 13, what is -3 - -588?
585
In base 14, what is -3 - -b?
8
In base 16, what is -8 + c8?
c0
In base 16, what is 2 + 3?
5
In base 12, what is 11 + 18?
29
In base 8, what is -502 + -3?
-505
In base 13, what is -90 + -3?
-93
In base 12, what is 93 - b?
84
In base 2, what is 11000111000 + 0?
11000111000
In base 15, what is -1 + -88?
-89
In base 15, what is -a + -1a?
-25
In base 12, what is 4 + b6?
ba
In base 4, what is 1 - -300222?
300223
In base 10, what is 3 + 57?
60
In base 6, what is 114 + 25?
143
In base 8, what is 100 - 207?
-107
In base 13, what is 5 + -80?
-78
In base 6, what is -22 + -211?
-233
In base 13, what is 1 - -210?
211
In base 15, what is -7 - 1ce?
-1d6
In base 16, what is -1c - 1?
-1d
In base 11, what is -1006 + -4?
-100a
In base 13, what is 2626 - -2?
2628
In base 2, what is -1 + -100001?
-100010
In base 2, what is 11000 + 1?
11001
In base 16, what is -29 + -e?
-37
In base 6, what is 0 - 5?
-5
In base 4, what is 1230 - -330?
2220
In base 9, what is 4 - -246?
251
In base 13, what is -114 - -1?
-113
In base 8, what is 1 + 176?
177
In base 8, what is -265 + -2?
-267
In base 13, what is -1 + -32?
-33
In base 12, what is -9b + 19?
-82
In base 12, what is b + -315?
-306
In base 8, what is -4 + 361?
355
In base 8, what is 537 - 1?
536
In base 13, what is 84 - 36?
4b
In base 8, what is -4 - 120?
-124
In base 12, what is 23 - 7?
18
In base 6, what is -10 + -251?
-301
In base 10, what is 10460 - -2?
10462
In base 10, what is -4 - 83?
-87
In base 15, what is 24 + 4?
28
In base 12, what is 1 + 167?
168
In base 15, what is 0 + -7c8?
-7c8
In base 14, what is 34 + ab?
101
In base 11, what is 117 - 1?
116
In base 10, what is -57 + 25?
-32
In base 12, what is 28 + -69?
-41
In base 5, what is -4 - -1003?
444
In base 7, what is -626 + -2?
-631
In base 5, what is 0 + 212?
212
In base 5, what is 104020 + 0?
104020
In base 6, what is 1 - -1013?
1014
In base 3, what is 21100110 + -10?
21100100
In base 12, what is a - 340?
-332
In base 5, what is -124 + -21?
-200
In base 2, what is -110110 - -10100?
-100010
In base 3, what is 21002 - -21?
21100
In base 11, what is -41 - 4?
-45
In base 9, what is 8611 - 1?
8610
In base 4, what is 11 - 13?
-2
In base 15, what is -7 - 980?
-987
In base 15, what is -5 + 58?
53
In base 8, what is 522 + 12?
534
In base 14, what is 1 - 1829?
-1828
In base 14, what is -6 + -18?
-20
In base 8, what is 16 + 70?
106
In base 6, what is 2 + 2212?
2214
In base 4, what is 1 - 222?
-221
In base 5, what is -1422 + 110?
-1312
In base 3, what is 2 - -21222?
22001
In base 3, what is -12 - 11221?
-12010
In base 5, what is 3 - 2030?
-2022
In base 10, what is -2475 + 5?
-2470
In base 4, what is 11 + 1020312?
1020323
In base 12, what is 990 + 2?
992
In base 2, what is -1000111110 + -10?
-1001000000
In base 11, what is -208 - 5?
-212
In base 5, what is 0 - 203?
-203
In base 9, what is 341 + -6?
334
In base 6, what is 322 + 5?
331
In base 4, what is 120 + -31002?
-30222
In base 14, what is 4b - -4?
51
In base 7, what is 2561 + -3?
2555
In base 12, what is -4 + 483?
47b
In base 9, what is 2 + 230?
232
In base 14, what is -21 + 45?
24
In base 13, what is 8 - 55?
-4a
In base 13, what is -141a - -1?
-1419
In base 9, what is -5 - -30?
24
In base 11, what is -356 - 5?
-360
In base 7, what is -253 + 10?
-243
In base 6, what is 2 + -104?
-102
In base 13, what is 3a - 1?
39
In base 2, what is -110100 - -1001001?
10101
In base 9, what is 2 + -31?
-28
In base 6, what is 315550 + -2?
315544
In base 15, what is -d + 8?
-5
In base 7, what is 514 - 4?
510
In base 10, what is 89 - -48?
137
In base 7, what is 5 + 243?
251
In base 15, what is -5b + -1?
-5c
In base 5, what is 4022 - -31?
4103
In base 15, what is -3 - 9c?
-a0
In base 6, what is 133 + -2?
131
In base 4, what is -130 + 1011?
221
